4.
56
What is the remainder when 3554681 is divided by 108?
77
What is the remainder when 40588 is divided by 2232?
412
Calculate the remainder when 4552308 is divided by 379356.
36
Calculate the remainder when 83839 is divided by 195.
184
What is the remainder when 123312 is divided by 453?
96
What is the remainder when 67274 is divided by 1159?
52
What is the remainder when 385660 is divided by 4648?
4524
Calculate the remainder when 38647 is divided by 11960.
2767
What is the remainder when 1867702 is divided by 37354?
2
What is the remainder when 16747742 is divided by 369?
308
Calculate the remainder when 33966357 is divided by 874.
95
Calculate the remainder when 23434949 is divided by 55.
54
What is the remainder when 901108 is divided by 14771?
77
What is the remainder when 593080 is divided by 3802?
3770
Calculate the remainder when 30946286 is divided by 152.
150
Calculate the remainder when 96909 is divided by 2354.
395
Calculate the remainder when 2967774 is divided by 741664.
1118
What is the remainder when 241364 is divided by 26816?
20
What is the remainder when 321755 is divided by 20103?
107
Calculate the remainder when 388113143 is divided by 3342.
3341
Calculate the remainder when 735064 is divided by 364883.
5298
Calculate the remainder when 4771083 is divided by 2385538.
7
What is the remainder when 215264 is divided by 11266?
1210
Calculate the remainder when 7193440 is divided by 1893.
40
What is the remainder when 24107963 is divided by 253768?
3
Calculate the remainder when 12749681 is divided by 1821377.
42
Calculate the remainder when 733706 is divided by 5516.
78
What is the remainder when 6813658 is divided by 1362731?
3
Calculate the remainder when 9266991 is divided by 56.
55
What is the remainder when 210608 is divided by 628?
228
What is the remainder when 1974972 is divided by 260?
12
What is the remainder when 8460913 is divided by 272932?
21
What is the remainder when 993551 is divided by 248348?
159
Calculate the remainder when 1225874 is divided by 1729.
13
Calculate the remainder when 63151031 is divided by 157092.
47
Calculate the remainder when 60389417 is divided by 4.
1
What is the remainder when 5342817 is divided by 1780843?
288
Calculate the remainder when 13237463 is divided by 6618716.
31
Calculate the remainder when 1176473 is divided by 615.
593
What is the remainder when 24236 is divided by 2756?
2188
Calculate the remainder when 51953 is divided by 3986.
135
What is the remainder when 1353 is divided by 335?
13
Calculate the remainder when 95526 is divided by 4526.
480
What is the remainder when 96963585 is divided by 2407?
2404
What is the remainder when 178825 is divided by 22334?
153
Calculate the remainder when 310227288 is divided by 155113637.
14
What is the remainder when 2013561 is divided by 300?
261
Calculate the remainder when 6167413 is divided by 143428.
9
Calculate the remainder when 12199398 is divided by 3049837.
50
What is the remainder when 4083827 is divided by 2840?
2747
What is the remainder when 426363 is divided by 49?
14
Calculate the remainder when 222336 is divided by 637.
23
Calculate the remainder when 342803 is divided by 2274.
1703
Calculate the remainder when 300474 is divided by 1971.
882
Calculate the remainder when 501689 is divided by 166532.
2093
Calculate the remainder when 118327 is divided by 1229.
343
What is the remainder when 3508069 is divided by 41?
27
Calculate the remainder when 348754 is divided by 614.
2
What is the remainder when 10017101 is divided by 152?
149
Calculate the remainder when 1239971 is divided by 1239817.
154
What is the remainder when 61330 is divided by 59?
29
Calculate the remainder when 132262360 is divided by 2721.
2713
Calculate the remainder when 642315 is divided by 8451.
39
Calculate the remainder when 330356 is divided by 2131.
51
What is the remainder when 1107595 is divided by 44?
27
What is the remainder when 800611 is divided by 2922?
2905
What is the remainder when 60972 is divided by 122?
94
Calculate the remainder when 2566195 is divided by 2277.
16
Calculate the remainder when 150389 is divided by 6540.
6509
What is the remainder when 99437214 is divided by 2981?
2978
Calculate the remainder when 52905524 is divided by 98.
28
What is the remainder when 1218327657 is divided by 396?
393
Calculate the remainder when 155391 is divided by 25882.
99
Calculate the remainder when 4917471 is divided by 8.
7
What is the remainder when 1418589 is divided by 7429?
7079
Calculate the remainder when 1162862 is divided by 550.
162
Calculate the remainder when 10448560 is divided by 2808.
2800
Calculate the remainder when 2857744 is divided by 26.
6
What is the remainder when 2061700 is divided by 920?
900
What is the remainder when 15796086 is divided by 963?
960
What is the remainder when 54406457 is divided by 17?
14
Calculate the remainder when 510888 is divided by 462.
378
Calculate the remainder when 1065531 is divided by 106548.
51
What is the remainder when 19896 is divided by 4782?
768
Calculate the remainder when 1708217 is divided by 61007.
21
Calculate the remainder when 47861527 is divided by 68.
67
What is the remainder when 5417517 is divided by 9?
3
Calculate the remainder when 1746851 is divided by 109.
17
What is the remainder when 9993353 is divided by 3120?
3113
Calculate the remainder when 33172518 is divided by 123.
33
What is the remainder when 4065844 is divided by 153?
22
What is the remainder when 68479 is divided by 1396?
75
Calculate the remainder when 49022208 is divided by 5.
3
What is the remainder when 1010834 is divided by 545?
404
What is the remainder when 57126218 is divided by 845?
838
What is the remainder when 2483417 is divided by 484?
13
What is the remainder when 2906294 is divided by 3115?
3114
What is the remainder when 491212 is divided by 245597?
18
Calculate the remainder when 65083236 is divided by 121.
119
Calculate the remainder when 26318170 is divided by 457.
454
What is the remainder when 1658011 is divided by 43626?
223
Calculate the remainder when 28911629 is divided by 237.
236
What is the remainder when 324750 is divided by 16195?
850
Calculate the remainder when 14128 is divided by 14.
2
Calculate the remainder when 115675 is divided by 38403.
466
Calculate the remainder when 7296053 is divided by 34415.
73
Calculate the remainder when 3326340 is divided by 1108776.
12
Calculate the remainder when 68743903 is divided by 3730.
3
What is the remainder when 110826 is divided by 55244?
338
What is the remainder when 621229 is divided by 620893?
336
What is the remainder when 10468751 is divided by 129?
14
Calculate the remainder when 936176 is divided by 35.
31
What is the remainder when 215120 is divided by 1039?
47
Calculate the remainder when 13967832 is divided by 3576.
3552
What is the remainder when 344918 is divided by 344849?
69
What is the remainder when 1351585 is divided by 223?
205
What is the remainder when 1399491 is divided by 15379?
2
What is the remainder when 1499874 is divided by 374961?
30
Calculate the remainder when 507067 is divided by 507016.
51
What is the remainder when 6866 is divided by 209?
178
What is the remainder when 1455525 is divided by 3206?
1
What is the remainder when 18595 is divided by 1651?
434
What is the remainder when 3530979 is divided by 882737?
31
Calculate the remainder when 5521799 is divided by 1840596.
11
What is the remainder when 9256225 is divided by 18?
13
Calculate the remainder when 378288 is divided by 377921.
367
Calculate the remainder when 641199 is divided by 482.
139
What is the remainder when 92653 is divided by 29194?
5071
What is the remainder when 87426 is divided by 320?
66
What is the remainder when 2539299 is divided by 93?
27
Calculate the remainder when 4621681 is divided by 41265.
1
What is the remainder when 23993859 is divided by 869?
769
Calculate the remainder when 273747 is divided by 2106.
2073
What is the remainder when 6194651 is divided by 795?
11
Calculate the remainder when 602090 is divided by 7525.
90
Calculate the remainder when 8810386 is divided by 142.
138
Calculate the remainder when 335315 is divided by 41.
17
What is the remainder when 220163 is divided by 3192?
3107
What is th